{"id":5187,"date":"2020-05-01T17:37:08","date_gmt":"2020-05-01T20:37:08","guid":{"rendered":"http:\/\/smaherramientas.com.ar\/sma\/?post_type=product&#038;p=5187"},"modified":"2020-05-01T17:37:08","modified_gmt":"2020-05-01T20:37:08","slug":"sensor-de-humedad-gardena","status":"publish","type":"product","link":"http:\/\/smaherramientas.com.ar\/sma\/producto\/sensor-de-humedad-gardena\/","title":{"rendered":"Sensor de humedad GARDENA"},"content":{"rendered":"<p><strong>Tipo de energ\u00eda:<\/strong> 2AA\/1,5 v<\/p>\n<p>Es el complemento ideal de cualquier programador de riego GARDENA. El sensor detecta cuando la tierra esta humeda, env\u00eda la se\u00f1al al programador de riego y evita que se encienda el riego. De esta forma, su jard\u00edn no sufrir\u00e1 de excesos de agua y lucir\u00e1 incre\u00edble.<\/p>\n","protected":false},"excerpt":{"rendered":"<p>Tipo de energ\u00eda: 2AA\/1,5 v Es el complemento ideal de cualquier programador de riego GARDENA. El sensor detecta cuando la tierra esta humeda, env\u00eda la se\u00f1al al programador de riego&#8230;<\/p>\n","protected":false},"featured_media":5188,"template":"","meta":[],"product_brand":[],"product_cat":[139],"product_tag":[93,433],"class_list":{"0":"post-5187","1":"product","2":"type-product","3":"status-publish","4":"has-post-thumbnail","6":"product_cat-riego","7":"product_tag-gardena","8":"product_tag-sensor-de-humedad","10":"first","11":"instock","12":"shipping-taxable","13":"product-type-simple"},"_links":{"self":[{"href":"http:\/\/smaherramientas.com.ar\/sma\/wp-json\/wp\/v2\/product\/5187","targetHints":{"allow":["GET"]}}],"collection":[{"href":"http:\/\/smaherramientas.com.ar\/sma\/wp-json\/wp\/v2\/product"}],"about":[{"href":"http:\/\/smaherramientas.com.ar\/sma\/wp-json\/wp\/v2\/types\/product"}],"wp:featuredmedia":[{"embeddable":true,"href":"http:\/\/smaherramientas.com.ar\/sma\/wp-json\/wp\/v2\/media\/5188"}],"wp:attachment":[{"href":"http:\/\/smaherramientas.com.ar\/sma\/wp-json\/wp\/v2\/media?parent=5187"}],"wp:term":[{"taxonomy":"product_brand","embeddable":true,"href":"http:\/\/smaherramientas.com.ar\/sma\/wp-json\/wp\/v2\/product_brand?post=5187"},{"taxonomy":"product_cat","embeddable":true,"href":"http:\/\/smaherramientas.com.ar\/sma\/wp-json\/wp\/v2\/product_cat?post=5187"},{"taxonomy":"product_tag","embeddable":true,"href":"http:\/\/smaherramientas.com.ar\/sma\/wp-json\/wp\/v2\/product_tag?post=5187"}],"curies":[{"name":"wp","href":"https:\/\/api.w.org\/{rel}","templated":true}]}}