{"id":5185,"date":"2020-05-01T17:27:56","date_gmt":"2020-05-01T20:27:56","guid":{"rendered":"http:\/\/smaherramientas.com.ar\/sma\/?post_type=product&#038;p=5185"},"modified":"2020-05-01T17:27:57","modified_gmt":"2020-05-01T20:27:57","slug":"temporizador-gardena","status":"publish","type":"product","link":"http:\/\/smaherramientas.com.ar\/sma\/producto\/temporizador-gardena\/","title":{"rendered":"Temporizador Gardena"},"content":{"rendered":"<p><strong>Salidas programadas:<\/strong> 1<br \/>\n<strong>Duraci\u00f3n de riego:<\/strong> 5 a 120min<br \/>\n<strong>N\u00famero de riegos m\u00e1x. por d\u00eda:<\/strong> Cuando funciona<br \/>\n<strong>Presi\u00f3n de trabajo:<\/strong> 0,5 a 12 Bar<br \/>\n<strong>Tipo de energ\u00eda:<\/strong> Mec\u00e1nica<\/p>\n","protected":false},"excerpt":{"rendered":"<p>Salidas programadas: 1 Duraci\u00f3n de riego: 5 a 120min N\u00famero de riegos m\u00e1x. por d\u00eda: Cuando funciona Presi\u00f3n de trabajo: 0,5 a 12 Bar Tipo de energ\u00eda: Mec\u00e1nica<\/p>\n","protected":false},"featured_media":5186,"template":"","meta":[],"product_brand":[],"product_cat":[139],"product_tag":[93,432],"class_list":{"0":"post-5185","1":"product","2":"type-product","3":"status-publish","4":"has-post-thumbnail","6":"product_cat-riego","7":"product_tag-gardena","8":"product_tag-temporizador","10":"first","11":"instock","12":"shipping-taxable","13":"product-type-simple"},"_links":{"self":[{"href":"http:\/\/smaherramientas.com.ar\/sma\/wp-json\/wp\/v2\/product\/5185","targetHints":{"allow":["GET"]}}],"collection":[{"href":"http:\/\/smaherramientas.com.ar\/sma\/wp-json\/wp\/v2\/product"}],"about":[{"href":"http:\/\/smaherramientas.com.ar\/sma\/wp-json\/wp\/v2\/types\/product"}],"wp:featuredmedia":[{"embeddable":true,"href":"http:\/\/smaherramientas.com.ar\/sma\/wp-json\/wp\/v2\/media\/5186"}],"wp:attachment":[{"href":"http:\/\/smaherramientas.com.ar\/sma\/wp-json\/wp\/v2\/media?parent=5185"}],"wp:term":[{"taxonomy":"product_brand","embeddable":true,"href":"http:\/\/smaherramientas.com.ar\/sma\/wp-json\/wp\/v2\/product_brand?post=5185"},{"taxonomy":"product_cat","embeddable":true,"href":"http:\/\/smaherramientas.com.ar\/sma\/wp-json\/wp\/v2\/product_cat?post=5185"},{"taxonomy":"product_tag","embeddable":true,"href":"http:\/\/smaherramientas.com.ar\/sma\/wp-json\/wp\/v2\/product_tag?post=5185"}],"curies":[{"name":"wp","href":"https:\/\/api.w.org\/{rel}","templated":true}]}}