{"id":5134,"date":"2020-05-01T11:44:24","date_gmt":"2020-05-01T11:44:24","guid":{"rendered":"http:\/\/smaherramientas.com.ar\/sma\/?post_type=product&#038;p=5134"},"modified":"2020-05-01T12:19:33","modified_gmt":"2020-05-01T12:19:33","slug":"motor-sensei-mev-710-ae-tipo-a-eje-vertical","status":"publish","type":"product","link":"http:\/\/smaherramientas.com.ar\/sma\/producto\/motor-sensei-mev-710-ae-tipo-a-eje-vertical\/","title":{"rendered":"Motor SENSEI MEV 710 AE &#8211; Tipo A Eje Vertical"},"content":{"rendered":"<p><strong>Motor:<\/strong> 4 tiempos bicil\u00edndrico<br \/>\n<strong>Arranque:<\/strong> El\u00e9ctrico (AE)<br \/>\n<strong>Cilindrada:<\/strong> 708 cc<br \/>\n<strong>Torque m\u00e1ximo (Nm\/rpm):<\/strong> 47,5 \/ 2400<br \/>\n<strong>Potencia m\u00e1xima (kw\/hp\/rpm):<\/strong> 17,90 \/ 24 \/ 3600<br \/>\n<strong>Tanque de combustible:<\/strong> NO<br \/>\n<strong>Cig\u00fce\u00f1al:<\/strong> 80,5 x 25,4 (1\u201d) (largo x di\u00e1metro en mm.)<br \/>\n<strong>Aplicaci\u00f3n:<\/strong> Tractor<br \/>\n<strong>Peso:<\/strong> 43 Kg.<\/p>\n","protected":false},"excerpt":{"rendered":"<p>Motor: 4 tiempos bicil\u00edndrico Arranque: El\u00e9ctrico (AE) Cilindrada: 708 cc Torque m\u00e1ximo (Nm\/rpm): 47,5 \/ 2400 Potencia m\u00e1xima (kw\/hp\/rpm): 17,90 \/ 24 \/ 3600 Tanque de combustible: NO Cig\u00fce\u00f1al: 80,5&#8230;<\/p>\n","protected":false},"featured_media":5135,"template":"","meta":[],"product_brand":[],"product_cat":[137],"product_tag":[278,405,116,158],"class_list":{"0":"post-5134","1":"product","2":"type-product","3":"status-publish","4":"has-post-thumbnail","6":"product_cat-motores","7":"product_tag-eje-vertical","8":"product_tag-mev-710-ae-tipo-a","9":"product_tag-motor","10":"product_tag-sensein","12":"first","13":"instock","14":"shipping-taxable","15":"product-type-simple"},"_links":{"self":[{"href":"http:\/\/smaherramientas.com.ar\/sma\/wp-json\/wp\/v2\/product\/5134","targetHints":{"allow":["GET"]}}],"collection":[{"href":"http:\/\/smaherramientas.com.ar\/sma\/wp-json\/wp\/v2\/product"}],"about":[{"href":"http:\/\/smaherramientas.com.ar\/sma\/wp-json\/wp\/v2\/types\/product"}],"wp:featuredmedia":[{"embeddable":true,"href":"http:\/\/smaherramientas.com.ar\/sma\/wp-json\/wp\/v2\/media\/5135"}],"wp:attachment":[{"href":"http:\/\/smaherramientas.com.ar\/sma\/wp-json\/wp\/v2\/media?parent=5134"}],"wp:term":[{"taxonomy":"product_brand","embeddable":true,"href":"http:\/\/smaherramientas.com.ar\/sma\/wp-json\/wp\/v2\/product_brand?post=5134"},{"taxonomy":"product_cat","embeddable":true,"href":"http:\/\/smaherramientas.com.ar\/sma\/wp-json\/wp\/v2\/product_cat?post=5134"},{"taxonomy":"product_tag","embeddable":true,"href":"http:\/\/smaherramientas.com.ar\/sma\/wp-json\/wp\/v2\/product_tag?post=5134"}],"curies":[{"name":"wp","href":"https:\/\/api.w.org\/{rel}","templated":true}]}}