{"id":4823,"date":"2020-03-11T19:46:10","date_gmt":"2020-03-11T19:46:10","guid":{"rendered":"http:\/\/smaherramientas.com.ar\/sma\/?post_type=product&#038;p=4823"},"modified":"2020-03-11T19:46:10","modified_gmt":"2020-03-11T19:46:10","slug":"grupo-electrogeno-naftero-niwa-gnw-100-er","status":"publish","type":"product","link":"http:\/\/smaherramientas.com.ar\/sma\/producto\/grupo-electrogeno-naftero-niwa-gnw-100-er\/","title":{"rendered":"Grupo electr\u00f3geno naftero Niwa GNW-100-ER"},"content":{"rendered":"<p><strong>Tipo:<\/strong> Monof\u00e1sico<br \/>\n<strong>Motor:<\/strong> Niwa<br \/>\n<strong>Potencia:<\/strong> 20 HP<br \/>\n<strong>Potencia m\u00e1xima:<\/strong> 9.5 Kva<br \/>\n<strong>Bobinado en cobre <\/strong><br \/>\n<strong>Tipo de Arranque:<\/strong> El\u00e9ctrico<br \/>\n<strong>Capacidad de combustible:<\/strong> 25 lts<br \/>\n<strong>Frecuencia:<\/strong> 50 Hz<br \/>\n<strong>Amperaje:<\/strong> 40 Amp<br \/>\n<strong>Cantidad de salidas:<\/strong> 3 x 220 V<br \/>\n<strong>Alerta de aceite <\/strong><br \/>\n<strong>Regulador autom\u00e1tico de voltaje<\/strong><br \/>\n<strong>Ruedas<\/strong><br \/>\n<strong>Autonom\u00eda de uso continuo:<\/strong> 8 hs<br \/>\n<strong>Alto:<\/strong> 91 cm<br \/>\n<strong>Largo:<\/strong> 76 cm<br \/>\n<strong>Profundidad:<\/strong> 60 cm<br \/>\n<strong>Peso Bruto:<\/strong> 161 Kg<\/p>\n","protected":false},"excerpt":{"rendered":"<p>Tipo: Monof\u00e1sico Motor: Niwa Potencia: 20 HP Potencia m\u00e1xima: 9.5 Kva Bobinado en cobre Tipo de Arranque: El\u00e9ctrico Capacidad de combustible: 25 lts Frecuencia: 50 Hz Amperaje: 40 Amp Cantidad&#8230;<\/p>\n","protected":false},"featured_media":4824,"template":"","meta":[],"product_brand":[],"product_cat":[138,144],"product_tag":[270,260,261],"class_list":{"0":"post-4823","1":"product","2":"type-product","3":"status-publish","4":"has-post-thumbnail","6":"product_cat-generadores","7":"product_cat-productos-de-fuerza","8":"product_tag-gnw-100-er","9":"product_tag-grupo-electrogeno","10":"product_tag-grupo-electrogeno-naftero","12":"first","13":"instock","14":"shipping-taxable","15":"product-type-simple"},"_links":{"self":[{"href":"http:\/\/smaherramientas.com.ar\/sma\/wp-json\/wp\/v2\/product\/4823","targetHints":{"allow":["GET"]}}],"collection":[{"href":"http:\/\/smaherramientas.com.ar\/sma\/wp-json\/wp\/v2\/product"}],"about":[{"href":"http:\/\/smaherramientas.com.ar\/sma\/wp-json\/wp\/v2\/types\/product"}],"wp:featuredmedia":[{"embeddable":true,"href":"http:\/\/smaherramientas.com.ar\/sma\/wp-json\/wp\/v2\/media\/4824"}],"wp:attachment":[{"href":"http:\/\/smaherramientas.com.ar\/sma\/wp-json\/wp\/v2\/media?parent=4823"}],"wp:term":[{"taxonomy":"product_brand","embeddable":true,"href":"http:\/\/smaherramientas.com.ar\/sma\/wp-json\/wp\/v2\/product_brand?post=4823"},{"taxonomy":"product_cat","embeddable":true,"href":"http:\/\/smaherramientas.com.ar\/sma\/wp-json\/wp\/v2\/product_cat?post=4823"},{"taxonomy":"product_tag","embeddable":true,"href":"http:\/\/smaherramientas.com.ar\/sma\/wp-json\/wp\/v2\/product_tag?post=4823"}],"curies":[{"name":"wp","href":"https:\/\/api.w.org\/{rel}","templated":true}]}}