{"id":4690,"date":"2020-01-14T17:17:45","date_gmt":"2020-01-14T17:17:45","guid":{"rendered":"http:\/\/smaherramientas.com.ar\/sma\/?post_type=product&#038;p=4690"},"modified":"2020-01-16T23:31:40","modified_gmt":"2020-01-16T23:31:40","slug":"pulverizadora-niwa-pnw-33","status":"publish","type":"product","link":"http:\/\/smaherramientas.com.ar\/sma\/producto\/pulverizadora-niwa-pnw-33\/","title":{"rendered":"Pulverizadora Niwa PNW-33"},"content":{"rendered":"<p><strong>Cilindrada:<\/strong> 33 c.c.<br \/>\n<strong>Capacidad de combustible:<\/strong> 0.6 lts<br \/>\n<strong>Capacidad de tanque de qu\u00edmicos:<\/strong> 20 lts<br \/>\n<strong>Formato de qu\u00edmico:<\/strong> L\u00edquido<br \/>\n<strong>Peso Bruto:<\/strong> 15 Kg<\/p>\n","protected":false},"excerpt":{"rendered":"<p>Cilindrada: 33 c.c. Capacidad de combustible: 0.6 lts Capacidad de tanque de qu\u00edmicos: 20 lts Formato de qu\u00edmico: L\u00edquido Peso Bruto: 15 Kg<\/p>\n","protected":false},"featured_media":4691,"template":"","meta":[],"product_brand":[],"product_cat":[143,140,206],"product_tag":[88,207,73],"class_list":{"0":"post-4690","1":"product","2":"type-product","3":"status-publish","4":"has-post-thumbnail","6":"product_cat-agro","7":"product_cat-jardin","8":"product_cat-pulverizadora","9":"product_tag-niwa","10":"product_tag-pnw33","11":"product_tag-pulverizador","13":"first","14":"instock","15":"shipping-taxable","16":"product-type-simple"},"_links":{"self":[{"href":"http:\/\/smaherramientas.com.ar\/sma\/wp-json\/wp\/v2\/product\/4690","targetHints":{"allow":["GET"]}}],"collection":[{"href":"http:\/\/smaherramientas.com.ar\/sma\/wp-json\/wp\/v2\/product"}],"about":[{"href":"http:\/\/smaherramientas.com.ar\/sma\/wp-json\/wp\/v2\/types\/product"}],"wp:featuredmedia":[{"embeddable":true,"href":"http:\/\/smaherramientas.com.ar\/sma\/wp-json\/wp\/v2\/media\/4691"}],"wp:attachment":[{"href":"http:\/\/smaherramientas.com.ar\/sma\/wp-json\/wp\/v2\/media?parent=4690"}],"wp:term":[{"taxonomy":"product_brand","embeddable":true,"href":"http:\/\/smaherramientas.com.ar\/sma\/wp-json\/wp\/v2\/product_brand?post=4690"},{"taxonomy":"product_cat","embeddable":true,"href":"http:\/\/smaherramientas.com.ar\/sma\/wp-json\/wp\/v2\/product_cat?post=4690"},{"taxonomy":"product_tag","embeddable":true,"href":"http:\/\/smaherramientas.com.ar\/sma\/wp-json\/wp\/v2\/product_tag?post=4690"}],"curies":[{"name":"wp","href":"https:\/\/api.w.org\/{rel}","templated":true}]}}