{"id":4651,"date":"2019-12-17T03:56:34","date_gmt":"2019-12-17T03:56:34","guid":{"rendered":"http:\/\/smaherramientas.com.ar\/sma\/?post_type=product&#038;p=4651"},"modified":"2020-04-22T19:37:30","modified_gmt":"2020-04-22T19:37:30","slug":"controlador-programador-hunter-401","status":"publish","type":"product","link":"http:\/\/smaherramientas.com.ar\/sma\/producto\/controlador-programador-hunter-401\/","title":{"rendered":"Programador HUNTER X-Core XC-401i"},"content":{"rendered":"<p><strong>XC-401i:<\/strong> 4 estaciones<\/p>\n<p><strong>Programas:<\/strong> 3<br \/>\n<strong>Arranques:<\/strong> 4 diarios<br \/>\n<strong>Memoria:<\/strong> No vol\u00e1til, de f\u00e1cil recuperaci\u00f3n<br \/>\n<strong>Bateria:<\/strong> Litio<br \/>\n<strong>Incluye transformador.:<\/strong> 24 VAC-1A<\/p>\n","protected":false},"excerpt":{"rendered":"<p>XC-401i: 4 estaciones Programas: 3 Arranques: 4 diarios Memoria: No vol\u00e1til, de f\u00e1cil recuperaci\u00f3n Bateria: Litio Incluye transformador.: 24 VAC-1A<\/p>\n","protected":false},"featured_media":4652,"template":"","meta":[],"product_brand":[],"product_cat":[139],"product_tag":[132,121,184,393],"class_list":{"0":"post-4651","1":"product","2":"type-product","3":"status-publish","4":"has-post-thumbnail","6":"product_cat-riego","7":"product_tag-controladores","8":"product_tag-hunter","9":"product_tag-programador","10":"product_tag-xc-401i","12":"first","13":"instock","14":"shipping-taxable","15":"product-type-simple"},"_links":{"self":[{"href":"http:\/\/smaherramientas.com.ar\/sma\/wp-json\/wp\/v2\/product\/4651","targetHints":{"allow":["GET"]}}],"collection":[{"href":"http:\/\/smaherramientas.com.ar\/sma\/wp-json\/wp\/v2\/product"}],"about":[{"href":"http:\/\/smaherramientas.com.ar\/sma\/wp-json\/wp\/v2\/types\/product"}],"wp:featuredmedia":[{"embeddable":true,"href":"http:\/\/smaherramientas.com.ar\/sma\/wp-json\/wp\/v2\/media\/4652"}],"wp:attachment":[{"href":"http:\/\/smaherramientas.com.ar\/sma\/wp-json\/wp\/v2\/media?parent=4651"}],"wp:term":[{"taxonomy":"product_brand","embeddable":true,"href":"http:\/\/smaherramientas.com.ar\/sma\/wp-json\/wp\/v2\/product_brand?post=4651"},{"taxonomy":"product_cat","embeddable":true,"href":"http:\/\/smaherramientas.com.ar\/sma\/wp-json\/wp\/v2\/product_cat?post=4651"},{"taxonomy":"product_tag","embeddable":true,"href":"http:\/\/smaherramientas.com.ar\/sma\/wp-json\/wp\/v2\/product_tag?post=4651"}],"curies":[{"name":"wp","href":"https:\/\/api.w.org\/{rel}","templated":true}]}}