{"id":4272,"date":"2019-05-29T17:20:57","date_gmt":"2019-05-29T17:20:57","guid":{"rendered":"http:\/\/smaherramientas.com.ar\/sma\/?post_type=product&#038;p=4272"},"modified":"2019-12-16T22:20:28","modified_gmt":"2019-12-16T22:20:28","slug":"controladores-de-canilla-9001d","status":"publish","type":"product","link":"http:\/\/smaherramientas.com.ar\/sma\/producto\/controladores-de-canilla-9001d\/","title":{"rendered":"Controlador de canilla Galcon  Serie 9001D"},"content":{"rendered":"<p><strong>Pantalla:<\/strong> LCD del cuerpo del controlador<br \/>\n<strong>Bateria:<\/strong> 9 V alcalina<br \/>\n<strong>Duraci\u00f3n bateria:<\/strong> 1 a\u00f1o<br \/>\n<strong>Programa:<\/strong> semanal (opci\u00f3n c\u00edclica)<br \/>\n<strong>Duraci\u00f3n de la irrigaci\u00f3n:<\/strong> 1 min hasta 12 hrs.<br \/>\n<strong>Inicios por d\u00eda:<\/strong> 4<br \/>\n<strong>Bot\u00f3n de operaci\u00f3n:<\/strong> Manual<br \/>\n<strong>V\u00e1lvula de diafragma:<\/strong> \u00be\u201d di\u00e1metro<br \/>\n<strong>Caudal m\u00e1ximo:<\/strong> 1200 litros\/hora\/5.5 GPM<\/p>\n<p>&nbsp;<\/p>\n<p>&nbsp;<\/p>\n<p>&nbsp;<\/p>\n","protected":false},"excerpt":{"rendered":"<p>Pantalla: LCD del cuerpo del controlador Bateria: 9 V alcalina Duraci\u00f3n bateria: 1 a\u00f1o Programa: semanal (opci\u00f3n c\u00edclica) Duraci\u00f3n de la irrigaci\u00f3n: 1 min hasta 12 hrs. Inicios por d\u00eda:&#8230;<\/p>\n","protected":false},"featured_media":4273,"template":"","meta":[],"product_brand":[],"product_cat":[139],"product_tag":[134,133,132,131],"class_list":{"0":"post-4272","1":"product","2":"type-product","3":"status-publish","4":"has-post-thumbnail","6":"product_cat-riego","7":"product_tag-9001d","8":"product_tag-canilla","9":"product_tag-controladores","10":"product_tag-galcon","12":"first","13":"instock","14":"shipping-taxable","15":"product-type-simple"},"_links":{"self":[{"href":"http:\/\/smaherramientas.com.ar\/sma\/wp-json\/wp\/v2\/product\/4272","targetHints":{"allow":["GET"]}}],"collection":[{"href":"http:\/\/smaherramientas.com.ar\/sma\/wp-json\/wp\/v2\/product"}],"about":[{"href":"http:\/\/smaherramientas.com.ar\/sma\/wp-json\/wp\/v2\/types\/product"}],"wp:featuredmedia":[{"embeddable":true,"href":"http:\/\/smaherramientas.com.ar\/sma\/wp-json\/wp\/v2\/media\/4273"}],"wp:attachment":[{"href":"http:\/\/smaherramientas.com.ar\/sma\/wp-json\/wp\/v2\/media?parent=4272"}],"wp:term":[{"taxonomy":"product_brand","embeddable":true,"href":"http:\/\/smaherramientas.com.ar\/sma\/wp-json\/wp\/v2\/product_brand?post=4272"},{"taxonomy":"product_cat","embeddable":true,"href":"http:\/\/smaherramientas.com.ar\/sma\/wp-json\/wp\/v2\/product_cat?post=4272"},{"taxonomy":"product_tag","embeddable":true,"href":"http:\/\/smaherramientas.com.ar\/sma\/wp-json\/wp\/v2\/product_tag?post=4272"}],"curies":[{"name":"wp","href":"https:\/\/api.w.org\/{rel}","templated":true}]}}