{"id":4094,"date":"2020-05-01T17:15:51","date_gmt":"2020-05-01T20:15:51","guid":{"rendered":"http:\/\/smaherramientas.com.ar\/sma\/?post_type=product&#038;p=4094"},"modified":"2020-05-01T17:15:58","modified_gmt":"2020-05-01T20:15:58","slug":"chipeadoras-ch-911-dh","status":"publish","type":"product","link":"http:\/\/smaherramientas.com.ar\/sma\/producto\/chipeadoras-ch-911-dh\/","title":{"rendered":"Chipeadora BEAR CAT CH-911 DH"},"content":{"rendered":"<p><strong>Di\u00e1metro m\u00e1ximo de chipeado:<\/strong> 9&#8243; \/ 229mm<br \/>\n<strong>Tama\u00f1o de boca de alimentaci\u00f3n trirurado:<\/strong> 76 X 79 cm<br \/>\n<strong>Motor accionamiento:<\/strong> Kubota Diesel 1100cc<br \/>\n<strong>Potencia de motor:<\/strong> 28 HP<br \/>\n<strong>Arranque:<\/strong> El\u00e9ctrico<br \/>\n<strong>Cantidad de cuchillas fijas reversibles:<\/strong> 4<br \/>\n<strong>Descarga del material chipeado:<\/strong> Tubo de descarga \u2013 regulable en 360\u00b0 c\/reflector reg. en inclinaci\u00f3n<br \/>\n<strong>Alimentacion hidr\u00e1ulica:<\/strong> Si<br \/>\n<strong>Tanque combustible:<\/strong> 68 lts.<br \/>\n<strong>Cubiertas neum\u00e1ticas:<\/strong> P215-75R15<\/p>\n","protected":false},"excerpt":{"rendered":"<p>Di\u00e1metro m\u00e1ximo de chipeado: 9&#8243; \/ 229mm Tama\u00f1o de boca de alimentaci\u00f3n trirurado: 76 X 79 cm Motor accionamiento: Kubota Diesel 1100cc Potencia de motor: 28 HP Arranque: El\u00e9ctrico Cantidad&#8230;<\/p>\n","protected":false},"featured_media":4096,"template":"","meta":[],"product_brand":[],"product_cat":[143],"product_tag":[398,416,113],"class_list":{"0":"post-4094","1":"product","2":"type-product","3":"status-publish","4":"has-post-thumbnail","6":"product_cat-agro","7":"product_tag-bear-cat","8":"product_tag-ch-911-dh","9":"product_tag-chipeadora","11":"first","12":"instock","13":"shipping-taxable","14":"product-type-simple"},"_links":{"self":[{"href":"http:\/\/smaherramientas.com.ar\/sma\/wp-json\/wp\/v2\/product\/4094","targetHints":{"allow":["GET"]}}],"collection":[{"href":"http:\/\/smaherramientas.com.ar\/sma\/wp-json\/wp\/v2\/product"}],"about":[{"href":"http:\/\/smaherramientas.com.ar\/sma\/wp-json\/wp\/v2\/types\/product"}],"wp:featuredmedia":[{"embeddable":true,"href":"http:\/\/smaherramientas.com.ar\/sma\/wp-json\/wp\/v2\/media\/4096"}],"wp:attachment":[{"href":"http:\/\/smaherramientas.com.ar\/sma\/wp-json\/wp\/v2\/media?parent=4094"}],"wp:term":[{"taxonomy":"product_brand","embeddable":true,"href":"http:\/\/smaherramientas.com.ar\/sma\/wp-json\/wp\/v2\/product_brand?post=4094"},{"taxonomy":"product_cat","embeddable":true,"href":"http:\/\/smaherramientas.com.ar\/sma\/wp-json\/wp\/v2\/product_cat?post=4094"},{"taxonomy":"product_tag","embeddable":true,"href":"http:\/\/smaherramientas.com.ar\/sma\/wp-json\/wp\/v2\/product_tag?post=4094"}],"curies":[{"name":"wp","href":"https:\/\/api.w.org\/{rel}","templated":true}]}}